 divisor of 512547 and 189.
21
Calculate the greatest common factor of 6942 and 1352.
26
Calculate the highest common divisor of 186762 and 816.
102
Calculate the highest common factor of 516800 and 51.
17
What is the highest common divisor of 40476 and 42?
6
Calculate the highest common factor of 604070 and 290.
290
Calculate the highest common divisor of 39325 and 825.
275
What is the highest common factor of 312 and 4388280?
312
Calculate the highest common divisor of 28 and 4256.
28
Calculate the greatest common divisor of 88803 and 90045.
621
What is the highest common factor of 786 and 18471?
393
What is the highest common factor of 10 and 46?
2
What is the greatest common divisor of 40 and 4627000?
40
Calculate the highest common factor of 875 and 731360.
35
Calculate the highest common factor of 28 and 8387876.
28
What is the highest common factor of 8939 and 21?
7
Calculate the greatest common factor of 120 and 2998.
2
Calculate the highest common factor of 29535 and 6105.
165
What is the highest common divisor of 324 and 560?
4
What is the greatest common divisor of 531 and 12861?
9
Calculate the highest common factor of 1080747 and 5448.
681
What is the greatest common factor of 650386 and 176?
22
What is the highest common divisor of 141437 and 1273?
67
Calculate the highest common divisor of 3726 and 820341.
621
Calculate the highest common factor of 8526 and 3393.
87
What is the highest common divisor of 24648 and 88?
8
What is the greatest common divisor of 4518 and 1152?
18
Calculate the greatest common factor of 207753 and 84.
21
What is the highest common divisor of 23720 and 856?
8
Calculate the greatest common divisor of 405 and 31509.
81
What is the greatest common factor of 19430 and 4466?
58
What is the highest common factor of 3913 and 69230?
301
Calculate the highest common factor of 2501 and 4387.
41
Calculate the greatest common factor of 38 and 177422.
38
Calculate the highest common factor of 4 and 1013272.
4
Calculate the greatest common divisor of 7334 and 52110.
386
Calculate the greatest common factor of 3640 and 924.
28
Calculate the highest common factor of 14491 and 4128.
43
Calculate the highest common factor of 28878 and 12.
6
Calculate the greatest common factor of 52 and 116961.
13
What is the highest common factor of 238 and 860846?
238
What is the greatest common divisor of 2550 and 5134?
34
Calculate the greatest common factor of 24 and 53538.
6
Calculate the highest common factor of 312844 and 448.
28
Calculate the greatest common factor of 1614 and 129658.
538
Calculate the greatest common factor of 639 and 459.
9
What is the highest common divisor of 10065 and 102465?
165
What is the greatest common divisor of 2075 and 1492755?
415
What is the highest common divisor of 1525293 and 7623?
693
What is the highest common divisor of 32128 and 640?
128
Calculate the highest common divisor of 45254 and 170.
34
Calculate the highest common divisor of 203530 and 10.
10
What is the highest common factor of 57 and 38627?
19
Calculate the highest common divisor of 60 and 4450830.
30
Calculate the greatest common factor of 41 and 56252.
41
Calculate the highest common factor of 536556 and 1220.
244
Calculate the highest common divisor of 493672 and 138.
46
Calculate the greatest common factor of 35646 and 1378.
26
What is the highest common factor of 50401 and 26?
13
What is the highest common factor of 102 and 2737442?
34
Calculate the greatest common divisor of 270535 and 305.
305
Calculate the highest common divisor of 262610 and 30.
10
What is the greatest common divisor of 5103 and 44793?
567
Calculate the highest common divisor of 264 and 14424.
24
Calculate the greatest common divisor of 299928 and 48.
24
What is the greatest common divisor of 56406 and 126?
42
What is the highest common factor of 400 and 115950?
50
What is the highest common divisor of 72854 and 146?
146
What is the greatest common divisor of 5271 and 210?
21
What is the highest common divisor of 6931 and 1044?
29
Calculate the highest common divisor of 1886 and 2050.
82
Calculate the greatest common divisor of 407609 and 153.
17
Calculate the greatest common divisor of 4216 and 31484.
68
Calculate the greatest common factor of 60 and 18804.
12
What is the highest common divisor of 3968 and 164424?
248
What is the highest common divisor of 384 and 11496?
24
What is the greatest common factor of 4995252 and 1368?
684
What is the greatest common divisor of 86 and 758?
2
What is the greatest common factor of 524 and 134668?
524
What is the highest common factor of 12 and 7779?
3
What is the highest common divisor of 237318 and 12?
6
Calculate the greatest common factor of 962 and 442.
26
What is the greatest common factor of 9 and 1549404?
9
Calculate the greatest common factor of 216 and 4648.
8
Calculate the greatest common factor of 480 and 144120.
120
What is the greatest common factor of 136 and 34901?
17
What is the greatest common factor of 24 and 20772?
12
What is the highest common factor of 1111071 and 78?
39
What is the greatest common divisor of 148 and 56906?
74
Calculate the greatest common factor of 1512 and 3171.
21
What is the greatest common factor of 303552 and 816?
816
What is the highest common divisor of 84 and 12504?
12
Calculate the greatest common divisor of 81 and 1812861.
81
Calculate the greatest common factor of 1049 and 369248.
1049
Calculate the highest common divisor of 1407615 and 247.
19
Calculate the highest common divisor of 19118 and 6336.
22
Calculate the highest common divisor of 11 and 45001.
11
Calculate the greatest common divisor of 516 and 1424160.
516
Calculate the greatest common divisor of 71929 and 39.
13
What is the highest common divisor of 191 and 631064?
191
Calculate the highest common factor of 981 and 108.
9
What is the greatest common factor of 56 and 148904?
56
Calculate the greatest common divisor of 32232700 and 100.
100
What is the greatest common divisor of 33433 and 5489?
499
Calculate the highest common divisor of 250654 and 138.
46
What is the highest common factor of 183426 and 114?
114
Calculate the highest common factor of 131370 and 3171.
453
Calculate the greatest common divisor of 28638 and 510.
6
Calculate the greatest common divisor of 2859874 and 956.
478
Calculate the highest common divisor of 13616 and 1616.
16
What is the highest common factor of 70360 and 1080?
40
What is the highest common divisor of 7554 and 30?
6
Calculate the greatest common divisor of 8240 and 14340.
20
What is the highest common factor of 6 and 1201638?
6
What is the greatest common factor of 1160 and 202420?
580
What is the highest common divisor of 3 and 7875?
3
What is the greatest common divisor of 438 and 6351?
219
Calculate the highest common divisor of 4478690 and 10.
10
Calculate the greatest common factor of 24 and 906.
6
Calculate the greatest common divisor of 53742 and 1248.
78
What is the highest common divisor of 333 and 17353?
37
What is the greatest common factor of 206 and 73027?
103
What is the highest common divisor of 229734 and 18?
18
Calculate the greatest common factor of 2700 and 6048.
108
Calculate the highest common divisor of 2458576 and 32.
16
What is the greatest common factor of 234 and 1040?
26
Calculate the greatest common factor of 1812 and 1218117.
453
What is the greatest common factor of 2544 and 4308?
12
Calculate the greatest common divisor of 368383 and 389.
389
What is the greatest common divisor of 3565679 and 13?
13
Calculate the greatest common factor of 128 and 1783424.
128
Calculate the highest common factor of 6125 and 6755.
35
Calculate the highest common factor of 16694244 and 5208.
2604
What is the greatest common factor of 1226195 and 40945?
2155
What is the greatest common factor of 8448 and 393216?
768
What is the greatest common factor of 872080 and 120?
40
What is the highest common divisor of 114 and 441807?
57
What is the highest common divisor of 588 and 1144444?
196
What is the highest common factor of 20781 and 24?
3
What is the greatest common factor of 7275 and 35125?
25
Calculate the greatest common divisor of 2405 and 41990.
65
What is the highest common factor of 1777090 and 53?
53
What is the highest common factor of 24 an